r?
False
Is (28/(-12) - (-2)/3)*-471 prime?
False
Let i = -279 + 723. Let j = i + -267. Is j prime?
False
Let q(l) = -2*l**3 + 4*l**2 + 3*l + 15. Let o be q(7). Let j = o + 1155. Is j composite?
False
Let h be 6/((2/19)/(-2)). Let a = -80 - h. Is a a composite number?
True
Let c(q) = -q**2 + 12*q + 28. Let y be c(14). Let l(b) be the second derivative of b**4/12 + 191*b**2/2 + b. Is l(y) a composite number?
False
Let a = 14 - 7. Suppose a*o - 20 = 2*o. Is (-66)/o*(-4)/3 prime?
False
Let v = -954 - -368. Is v/(-5 + 9/3) a composite number?
False
Suppose -13 - 3 = 2*t. Let g be 0 - (-4 + 2 - 0). Let z = g - t. Is z prime?
False
Suppose -5*b + 9*g = 8*g - 9867, 4*g = 2*b - 3954. Is b prime?
True
Let a be 208/1 - (-11 + 12). Suppose -5*h - 138 = -2*p, -p = -4*p - h + a. Is p a composite number?
True
Suppose -32 = -5*c - 12. Suppose u + 141 = c*u. Is u a prime number?
True
Let n(q) = -q**2 + 7*q + 3. Let t be n(7). Suppose -2*y = -t*y + 4. Suppose -3*m + 107 = y*h - 0*m, -3*h = 4*m - 82. Is h prime?
False
Let t(f) = -f + 8. Let z be t(6). Let i(h) = 94*h**2 + h. Let g be i(-1). Suppose g = -z*p + 5*p. Is p a prime number?
True
Let n be 2 - 0 - (-7)/7. Is 21/12*36/n composite?
True
Suppose b - 6*b = -1055. Is b composite?
False
Let z be ((-1)/((-4)/54))/((-4)/(-8)). Suppose -v = 2*k + 34, 42 = -k - k - 5*v. Let p = z + k. Is p prime?
True
Let o(c) = 5*c**2 - 6*c - 5. Let b(j) = -6*j**2 + 5*j + 6. Let z(d) = 3*b(d) + 4*o(d). Is z(7) a composite number?
True
Let z(x) = x**3 + 4*x**2 - 6*x - 3. Let p be z(-5). Let j(d) = 2*d + 34*d - 1 + 10*d. Is j(p) composite?
True
Suppose -5*j + 3080 = -2*c - 315, 0 = -4*j + 4*c + 2728. Is j a composite number?
False
Suppose 106*s - 3512 = 102*s. Is s composite?
True
Let k be (7/7)/(1/(-25)). Let i = k - -62. Is i composite?
False
Let d(a) = 14*a + 4. Let o be d(4). Suppose -3*z + o = -159. Let t = 170 - z. Is t a prime number?
True
Is 771*(4/(-3))/(-4) - 0 a composite number?
False
Let l(x) = -x**3 - 4*x**2 - 3*x + 3. Let w be l(-5). Let g = 6 + w. Is g composite?
True
Let f be (4/10)/(3/(-15)). Let d be 469/49 - 3/(-7). Is (9 - f)/(2/d) a composite number?
True
Suppose 5*s + 4*g = 2377, -6 = -2*g - 0. Is s composite?
True
Suppose 0*g - 5*c = 3*g + 10, 2*c = 5*g - 35. Suppose -4*h = 4*t - 296, -g*t + 54 = -0*h + h. Is h prime?
True
Suppose -5*f = -254 - 91. Is f prime?
False
Suppose 3*i = -5*p + 32, 2*i - 3*i - 12 = -4*p. Suppose -p*o = -3*h + 73, 2*o - 26 = -2*h - o. Is h a prime number?
True
Is 2/(-4) + 299/2 composite?
False
Suppose -4*x = -2*j - 2944, -x + 3*j + 731 = -0*x. Is x composite?
True
Let x = -933 + 1606. Is x a composite number?
False
Suppose -3 = h, -r - r - 2*h = -1252. Is r a composite number?
True
Let c = -21 + 17. Is -2*(1980/(-8) - c) a prime number?
True
Suppose -2049 = -9*r + 6*r. Is r prime?
True
Let j(a) = -4*a - 5. Let h = 4 + -9. Is j(h) a prime number?
False
Let r = 6 - -446. Suppose d - 3*d = -r. Suppose -z = z - d. Is z prime?
True
Let c(v) = -v**2 + 3*v + 4. Let m be c(4). Let u(k) = -k**3 - k + 34. Let x be u(m). Let b = 111 - x. Is b prime?
False
Let u(o) be the first derivative of o**3/3 + o**2/2 - 5*o + 2. Is u(6) a prime number?
True
Is (7 + -8)/(1/(-217)) prime?
False
Let y = -11 + 12. Suppose -2*a + 585 + y = 0. Is a a prime number?
True
Let p = -9 + 9. Suppose 5*c - 3*s = -p*s + 4267, 2*c - s = 1706. Is c a prime number?
False
Let y(x) = -67*x - 5. Let n be y(-9). Let a = -380 + n. Is a composite?
True
Let k be 17/68 - 17854/(-8). Suppose 0 = 2*m + 2, -c + 3*m + k = 2*c. Is c a prime number?
True
Let m(f) = f**2 - 6*f + 15. Is m(8) a prime number?
True
Let c(p) = -2*p**2 + 6*p - 3. Let v be c(4). Let t = 20 + v. Let h = t - 2. Is h composite?
False
Let r = -693 + 1582. Is r prime?
False
Suppose 0 = 2*m - 5*m - 90. Is 2/(2*(-3)/m) composite?
True
Let y = -102 + 782. Suppose 141 = n + 2*l, l + y = 5*n + 6*l. Is n prime?
True
Suppose 4*u - 2*w - 8 = -4, u + w - 4 = 0. Suppose u*y - 344 = 326. Suppose -3*a + 8*a - y = 0. Is a prime?
True
Let x(c) = -14*c - 5. Is x(-6) prime?
True
Suppose -4*p = -y + 487, y - 6*p + 4*p - 489 = 0. Is y composite?
False
Suppose -4*m - 2*d - 289 = -2803, -m + 2*d = -641. Let a = -30 - 386. Let l = m + a. Is l prime?
False
Suppose 0*k = 5*k - 15. Suppose 2*l + k*l = 155. Let h = 80 - l. Is h a composite number?
True
Let z = -345 + 886. Is z composite?
False
Suppose 2*r = -3*r + 2110. Is r a composite number?
True
Let r be 88/32 + (-6)/8. Suppose -123 = -i + t, 0 = 3*i + i + r*t - 462. Is i composite?
True
Let m(l) = 4*l**2 + l + 1. Let o be m(-2). Let c be (17 - 1)/((-2)/(-18)). Suppose 3*t = 2*j + 82 + o, 4*t + j = c. Is t a prime number?
False
Let r be 47/(-2)*-2 + -1. Suppose 5*j = -o + 18, -3*o = -6*o - j + 96. Let h = o + r. Is h prime?
True
Let o(r) = 9*r + 3. Let x be o(4). Let f = -8 - x. Let b = 138 + f. Is b a prime number?
False
Suppose 2*y = 4*b + 4, -3*b = 5*y - 2 - 8. Is -1 + (362 - (4 - y)) composite?
False
Let g(b) = 51*b + 1. Is g(6) a prime number?
True
Suppose 41 = 3*h - 16. Suppose 0 = -l - 0 + h. Is l a composite number?
False
Let u = -10 - -13. Is (-3)/(u/5)*-7 composite?
True
Let y = 24 - -180. Let i = -117 + y. Is i a composite number?
True
Let s = -111 + 165. Let j = 105 - s. Is j prime?
False
Is (1/2)/(5/2930) a prime number?
True
Suppose 3*v + 0*v + 4*z - 1655 = 0, -v + 5*z + 558 = 0. Is v prime?
False
Let o = 7 + -4. Suppose 2*u + 4*w - 70 = -0*w, 0 = -3*u - o*w + 108. Is u a composite number?
False
Is ((-7)/((-147)/(-4102)))/((-2)/21) a prime number?
False
Suppose 2*m - 6*m + 4276 = 0. Is m composite?
False
Suppose 441 + 875 = 4*d. Let f = -130 + d. Is f a composite number?
False
Is 1078/8 + 22/(-8) + 2 a prime number?
False
Let r be (18/(-27))/(1/(-243)). Let f = r - 91. Is f prime?
True
Suppose -27 = -5*w + 4*k - 3*k, -5*w + 4*k = -18. Let g be (158/w)/((-3)/(-36)). Suppose g = -s + 5*s. Is s prime?
True
Let u = -6 - -30. Suppose -44 = -2*v + u. Is v prime?
False
Is (-22772)/(-8) + 4/(-8) prime?
False
Suppose -50 = -3*n - 4*j - 8, -2*n - 4*j = -28. Is n composite?
True
Suppose 4*m - m - 48 = 0. Let t = -9 + m. Is t composite?
False
Suppose -r - 2807 = -4*d, 4*r - 151 - 538 = -d. Is d a composite number?
False
Suppose 65 = 4*h - 203. Is h prime?
True
Suppose 3*w + 199 = 1705. Is w prime?
False
Suppose -2755 = -s - 4*f, 2*s + f = -f + 5516. Is s a composite number?
True
Suppose -568 = -4*b - 36. Is b a prime number?
False
Let l = 1 + 2. Suppose 4*t + 3*d - 2489 = -t, -2*t = -l*d - 1004. Is t composite?
False
Let f(d) = 2*d**2 + d + 8. Let r be (-4)/(-10) - (-204)/15. Let z be r*2/20*5. Is f(z) a prime number?
True
Suppose -2728 = -6*m + 518. Is m composite?
False
Let x = -4 - -6. Suppose 5*q = -j - 4, 6*j - x*q = 2*j + 28. Is j prime?
False
Suppose 0 = -2*q + q - 15. Let b be (-10)/q - (-13)/3. Suppose -b*n + 109 + 286 = 0. Is n composite?
False
Let g be 1/(-3)*3*1. Suppose 4*d + 2*w - 6 = 0, -3*w + 8 = 4*d + 1. Is g - (-2 + d) - -121 composite?
True
Suppose 5*u + 6405 = 5*y, -3841 = -5*y + 2*y + 2*u. Is y prime?
True
Suppose 4434 - 658 = 4*x. Is (-6)/14 - x/(-14) prime?
True
Suppose 3*r = -244 - 77. Let j = r - -204. Is j a prime number?
True
Let l = 316 + -195. Is l composite?
True
Let x(z) = z**3 - z**2 + 4. Let v be x(0). Let o be (v/2)/((-4)/98). Is -2 - (0 - 0) - o a composite number?
False
Let z(s) = 8*s - 6. Let i be 3 + -1 + 2 + 1. Let h be z(i). Let k = h + 31. Is k prime?
False
Let w = 11 + -9. Suppose 0 = -w*d + 1152 - 182. Is d composite?
True
Suppose 642 = -0*y + 3*y. Is y composite?
True
Is ((-17598)/10)/(-7) + (-4)/10 prime?
True
Is -4 + 3 + -3 - -47 a composite number?
False
Let a be 3/(9/39) + -3. Suppose 2*l = -a, 0*l - 176 = -2*u + 2*l. Is u a prime number?
True
Let s = 7 + -5. Suppose m + s*f - 73 - 44 = 0, -3*f = -4*m + 523. Is m a prime number?
True
Let k be 3 - 6/3 - 1. Suppose -h + 18 + 13 = k. Is h a prime number?
True
Suppose 2*w - 7*w = -50. Let l be (4 - 2) + -1 - 6. Is ((-14)/4)/(l/w) prime?
True
Let v be 2 - (5 - (-1)/1). Let u = 3 + v. Is (u - 1) + (9 - -4) prime?
True
Let i(z) = 247*z - 34. Is i(21) prime?
True
Let x = 37 - 98. Let o = x + 392. Is o a composite number?
False
Let c be 33/7 + (-2)/(-7). Let l be (-12)/(-15)*c/(-2). Let f(q) = -5*q**3 - 3*q**2 - 3*q - 1. Is f(l) composite?